ine r(-4).
16
Let t(n) = n**2 + n - 49. Give t(7).
7
Let g(q) = 2*q**2 - 6*q + 4. Determine g(4).
12
Let b(p) = -45*p + 1675. Determine b(37).
10
Let l(q) = -8*q**2 - 104*q - 201. What is l(-2)?
-25
Let x(j) = -875*j + 2600. Determine x(3).
-25
Let f(m) = 397*m - 8355. Determine f(21).
-18
Let m(l) = 2*l**2 + 1164*l - 1163. Determine m(1).
3
Let w(i) = 3*i**2 + 23*i - 46. Give w(-6).
-76
Let u(y) = 2*y - 353. Give u(5).
-343
Let i(o) = 318*o + 3519. Give i(-11).
21
Let r(u) = -u**3 - 8*u**2 + 46*u + 229. Determine r(-5).
-76
Let g(i) = -i**3 - 7*i**2 - 11*i - 33. What is g(-5)?
-28
Let p(m) = m**3 + 3*m**2 + 3*m - 10. Determine p(2).
16
Let g(w) = -3*w**3 - 38*w**2 + 29*w + 203. Calculate g(-13).
-5
Let q(u) = -3*u**3 - 6*u**2 + 67*u + 20. Calculate q(-9).
1118
Let b(k) = -4*k**2 + 22*k - 31. What is b(3)?
-1
Let j(d) = -d**3 + 15*d**2 - 11*d + 82. Give j(15).
-83
Let i(g) = -165*g - 93. Give i(-1).
72
Let j(k) = 47*k + 2591. Determine j(-55).
6
Let x(m) = -46*m**2 + 65*m - 10. Give x(1).
9
Let y(s) = -s**3 - 23*s**2 - 37*s + 99. Give y(-21).
-6
Let z(r) = 18*r + 361. Calculate z(-3).
307
Let p(l) = 5*l**2 + 178*l - 1822. Determine p(-44).
26
Let q(v) = 314*v - 1315. Determine q(5).
255
Let c(g) = 2*g**2 + 5*g - 47. Calculate c(4).
5
Let a(n) = -n**2 - 46*n + 4742. What is a(-96)?
-58
Let w(y) = -3*y**3 + 17*y**2 + 10*y - 22. What is w(6)?
2
Let t(a) = -23*a - 421. Calculate t(-17).
-30
Let m(h) = 110*h**2 - 16*h - 8. Determine m(-1).
118
Let m(r) = -r**2 + 3*r + 7. Determine m(13).
-123
Let k(h) = -12805*h - 38409. Determine k(-3).
6
Let w(n) = -2*n**2 + 29*n - 27. Give w(14).
-13
Let u(b) = -b + 6. Calculate u(-3).
9
Let f(h) = h**2 + 25*h - 20. Calculate f(7).
204
Let n(g) = -g**3 + 83*g**2 - 317*g + 44. What is n(79)?
-35
Let d(q) = -1794*q - 44857. Give d(-25).
-7
Let h(g) = 9*g - 86. Calculate h(13).
31
Let p(l) = -17*l + 224. Calculate p(17).
-65
Let d(j) = j**3 + 17*j**2 + 8*j - 136. Determine d(-16).
-8
Let p(z) = -z**2 - 10*z + 237. Give p(-27).
-222
Let i(o) = 38*o - 1869. What is i(47)?
-83
Let k(v) = 748*v + 14918. Calculate k(-20).
-42
Let a(t) = t**3 - 26*t**2 - 33*t + 870. Determine a(26).
12
Let i(k) = k**3 + 65*k**2 + 238*k - 366. Give i(-61).
0
Let p(h) = -16*h + 10. Give p(2).
-22
Let z(a) = -a**3 - 5*a**2 - 98*a + 19. Give z(0).
19
Let z(d) = -62*d - 139. Give z(-2).
-15
Let x(i) = -i**3 - 338*i**2 + 677*i + 4. Give x(2).
-2
Let n(f) = -16*f**3 + 308*f**2 - 77*f + 2. Give n(19).
-17
Let b(t) = t**2 - 38*t - 217. Calculate b(48).
263
Let r(q) = 251*q - 5523. Determine r(22).
-1
Let t(s) = 4*s**3 - 19*s**2 + 27*s - 26. What is t(3)?
-8
Let g(t) = -t**2 - 192*t - 1171. Calculate g(-6).
-55
Let v(k) = 81*k - 1342. Calculate v(18).
116
Let a(u) = 5*u**2 - 9. What is a(5)?
116
Let f(m) = 289*m + 11308. Determine f(-39).
37
Let o(v) = 347*v + 11456. Give o(-33).
5
Let i(m) = -29*m**3 - 12*m**2 + 6*m + 6. What is i(2)?
-262
Let j(w) = -312*w - 3167. Calculate j(-10).
-47
Let i(b) = -224*b + 2437. What is i(11)?
-27
Let x(o) = -5*o**2 - 80*o - 7. Give x(-18).
-187
Let d(c) = -c**3 - 12*c**2 - 38*c - 24. Determine d(-6).
-12
Let z(c) = 3*c**3 + 21*c**2 + 13*c + 86. Give z(-7).
-5
Let d(p) = -13*p - 773. What is d(-58)?
-19
Let n(g) = g**3 + 17*g**2 - 23*g - 85. Give n(-18).
5
Let w(m) = -m**2 + m + 1490. What is w(-39)?
-70
Let a(n) = -n**3 + 6*n**2 - 131*n + 832. Give a(7).
-134
Let g(a) = -3*a**2 - 40*a - 108. What is g(-18)?
-360
Let w(s) = 36*s + 2691. Calculate w(-75).
-9
Let f(y) = -2*y**2 + 73*y - 23. Determine f(36).
13
Let w(p) = p**3 + 13*p**2 + 40*p - 9. Determine w(-5).
-9
Let d(k) = 14*k + 708. What is d(-47)?
50
Let r(b) = 107*b - 1007. Determine r(20).
1133
Let o(v) = -122*v + 503. What is o(4)?
15
Let g(s) = 1390*s**2 + 11119*s + 6. Give g(-8).
14
Let k(f) = -f**2 - 38*f - 212. What is k(-7)?
5
Let d(k) = -2*k**2 - 27*k + 153. What is d(-18)?
-9
Let f(u) = -372*u + 3709. Calculate f(10).
-11
Let y(a) = -2*a**2 - 38*a - 160. Give y(-6).
-4
Let x(w) = 2*w**3 - 54*w**2 - 257*w - 30. Determine x(-4).
6
Let s(v) = -8*v**2 + 66*v - 158. Calculate s(3).
-32
Let q(x) = -3*x**3 + 47*x**2 - 24*x - 90. Calculate q(15).
0
Let q(j) = 21*j - 642. What is q(28)?
-54
Let g(y) = y**3 + 24*y**2 + 44*y - 169. Determine g(-22).
-169
Let x(s) = -8*s - 65. Determine x(-33).
199
Let p(c) = -c**3 + 8*c**2 - 6*c - 16. Determine p(7).
-9
Let s(b) = -3*b - 215. Determine s(-46).
-77
Let s(i) = 2*i**3 - 32*i - 106. Calculate s(-3).
-64
Let b(q) = -q**3 - 14*q**2 - 99*q - 1388. Calculate b(-14).
-2
Let v(t) = 6*t**3 + t**2 - 5*t + 5. Give v(1).
7
Let s(k) = k**3 - 16*k**2 - 23*k + 88. Calculate s(17).
-14
Let w(b) = 2*b**2 - 5*b - 78. Calculate w(8).
10
Let k(p) = 69*p + 112. What is k(-4)?
-164
Let f(h) = h**2 + 76*h - 2181. Give f(23).
96
Let v(l) = -228*l + 36961. Determine v(162).
25
Let g(u) = 2*u**2 - 42*u + 74. Give g(17).
-62
Let p(u) = -15*u - 1463. Determine p(-59).
-578
Let y(l) = -l**3 + 10*l**2 + 40*l - 129. Calculate y(13).
-116
Let u(g) = -g**3 + 64*g**2 - 768*g + 14. Determine u(16).
14
Let m(n) = -12*n**2 + 40*n + 1. What is m(2)?
33
Let q(u) = -3*u + 145. Calculate q(17).
94
Let z(t) = 160*t + 1626. Calculate z(-8).
346
Let x(m) = 2*m**2 + 575*m + 1146. What is x(-2)?
4
Let z(x) = -2*x**3 + 18*x**2 - 7*x + 17. Calculate z(9).
-46
Let h(t) = -t**2 - t - 34. What is h(-10)?
-124
Let d(c) = -1522*c + 5. Determine d(0).
5
Let f(a) = 484*a - 4170. Give f(8).
-298
Let b(m) = 43*m**2 + 128*m - 14. Calculate b(-3).
-11
Let k(u) = -41*u + 1700. What is k(42)?
-22
Let r(h) = h**3 - 23*h**2 + 17*h + 75. What is r(22)?
-35
Let a(i) = -2150*i - 15032. Calculate a(-7).
18
Let b(f) = -10*f - 99. Calculate b(-9).
-9
Let z(p) = -2*p**3 - 14*p**2 + 11*p - 36. Give z(-8).
4
Let n(a) = a**2 + 17*a - 38. Give n(-23).
100
Let f(x) = -x**2 + 64*x + 1097. Determine f(-14).
5
Let b(m) = 160*m - 1268. Determine b(8).
12
Let g(f) = -2*f**3 + 25*f**2 - 70*f - 66. Calculate g(6).
-18
Let g(n) = 1965*n + 19649. Give g(-10).
-1
Let j(o) = o**3 - 4*o**2 + 224*o - 438. Determine j(2).
2
Let x(q) = 6*q**2 - 159*q - 4251. Calculate x(43).
6
Let n(k) = k**2 - 668*k - 99116. What is n(-125)?
9
Let v(t) = -367*t + 2187. What is v(6)?
-15
Let f(r) = 2*r**2 - 189*r + 1223. Give f(7).
-2
Let t(n) = -n**3 - 9*n**2 + 42*n - 27. Calculate t(-13).
103
Let p(i) = 163*i**3 - 57*i**2 + 55*i + 1. What is p(1)?
162
Let o(x) = 3*x**3 - 2*x**2 - 73*x + 214. Determine o(3).
58
Let u(y) = y - 606. What is u(43)?
-563
Let k(z) = z**3 - 3*z**2 - 34*z + 71. Give k(2).
-1
Let t(u) = -3*u**3 - 35*u**2 + 10*u - 41. What is t(-12)?
-17
Let u(c) = c**2 - 1080*c - 27640. Give u(-25).
-15
Let c(z) = -223*z + 40366. Determine c(181).
3
Let a(r) = 20*r**3 + 2*r**2 - 6*r + 3. Determine a(2).
159
Let a(w) = w**2 - 64*w + 5. Calculate a(64).
5
Let i(l) = -73*l + 4132. Determine i(56).
44
Let l(j) = j**3 - 31*j**2 - 31*j - 35. Give l(32).
-3
Let h(p) = 3*p - 35. What is h(37)?
76
Let c(q) = -5936*q - 35612. Determine c(-6).
4
Let l(s) = 6*s**3 + 3*s**2 + 2*s + 6. What is l(-2)?
-34
Let n(f) = -95*f + 19. Calculate n(1).
-76
Let a(n) = -12*n**2 - 230*n - 21. What is a(-19)?
17
Let h(n) = 2*n**2 - 24*n + 59. Calculate h(10).
19
Let l(k) = -137*k - 1505. What is l(-11)?
2
Let f(j) = j**3 + 18*j**2 + 70*j + 596. Give f(-16).
-12
Let v(u) = 2*u**2 - 61*u + 281. Give v(23).
-64
Let a(n) = 5*n**3 + 101*n**2 + 21*n + 23. What is a(-20)?
3
Let x(t) = -35*t - 664. Determine x(-29).
351
Let g(f) = -3*f**3 + 29*f**2 - 10*f + 207. Calculate g(10).
7
Let v(u) = 5*u**3 + 6*u**2 - 11*u - 47. What is v(-3)?
-95
Let r(t) = 43*t - 1049. Determine r(24).
-17
Let c(v) = -v**3 + 11*v**2 + 220*v + 102. What is c(-10)?
2
Let f(x) = -x**2 - 558*x - 5. Calculate f(0).
-5
Let t(j) = j**2 - 82*j - 352. Calculate t(86).
-8
Let r(c) = -c**2 - 52*c - 718. Calculate r(-30).
-58
Let o(b) = 151*b - 1802. What is o(12)?
10
Let f(w) = -15*w**2 + 8*w + 31. What is f(6)?
-461
Let g(u) = -u**3 - u**2 - 22*u - 82. Calculate g(-3).
2
Let s(o) = -2*o**2 - 657*o - 19237. Give s(-296).
3
Let v(s) = -9*s + 814. Determine v(54).
328
Let t(s) = -17*s**2 - 4*s - 1. Determine t(1).
-22
Let y(q) = q**3 - 329*q**2 + 672*q - 5880. Give y(327).
6
Let c(f) = 4*f**3 + 21*f**2 + 15*f + 40. What is c(-5)?
-10
Let n(a) = -2091*a - 125456. Give n(-6